t b(j) = -j**2 - 8*j - 8. Let k be b(-5). Let z(m) = m**2 - 6*m - 5. Give z(k).
2
Let t(r) = 6*r + 21. Let f(b) = b + 3. Let p(g) = 15*f(g) - 2*t(g). What is p(-2)?
-3
Let f(k) = k**3 + 13*k**2 + 11*k - 16. Let o be (-357)/15 + (-2)/10. Let w be (-1 + 0)/((-2)/o). Let a be f(w). Let t(s) = -s + 1. Calculate t(a).
5
Let a(r) = r**2 - 3*r + 1. Let o be a(1). Let i(z) = -7*z - 1. Calculate i(o).
6
Let a(j) = j**2 + 5 + 0*j**2 - 6 + 2*j + 3. Calculate a(-3).
5
Let u(j) = -j**2 - 1. Suppose w - 1 - 1 = 0. Give u(w).
-5
Let j(m) be the second derivative of -m**5/20 - m**4/2 + 5*m**3/6 - 5*m**2 - 20*m. What is j(-7)?
4
Suppose 2*l + 6 = 5*u - 0*l, -u = 4*l + 12. Suppose -23 = -3*b + o - 5*o, 0 = -4*b + o + 56. Let v(p) = -b*p + 6 + p**2 + 13*p. Calculate v(u).
6
Let h be -1*0/(-3 - -1). Let o be (h - 0)*2/4. Let j(a) = o - 2 - 2*a - 2. What is j(-3)?
2
Let a(j) = -7*j**3 + 8*j**2 - 7*j + 4. Let b(u) = -13*u**3 + 15*u**2 - 13*u + 7. Let y(r) = -11*a(r) + 6*b(r). Give y(2).
-4
Suppose -c - d = -4, -2*c - 5*d + 20 = -7*c. Let q(y) = 0*y**2 + y**2 + 0*y - 2 + y. Determine q(c).
-2
Let c(s) = -s**3 + 2*s**2 + 5*s + 3. Let u = -1 - -3. Suppose 0 = -u*j - 10, 2*o - 3*o + 4*j + 24 = 0. Determine c(o).
-9
Let o = -6 - -10. Suppose o*s - 3*s + 3*d = -10, -5*s + 18 = -2*d. Let l(y) = 0*y - y + 2*y**2 + y**3 - 4*y**s. Calculate l(2).
-2
Suppose -5*w + 4*w - 4 = 0. Let i be 2 - ((-4)/2 + 2). Let o(h) = 0*h + 7 + h - i. What is o(w)?
1
Let q = -9 + 3. Let a be 26/q - (-6)/(-9). Let s(j) = j**3 - 2*j**2 + j + 0*j**2 + 7*j**2 + 1. Determine s(a).
-4
Let t(i) = -3*i. Let f(r) = r**3 - 14*r**2 - 17*r - 6. Let j be f(15). Let z be (-12)/j - (-2)/3. Calculate t(z).
-3
Let f(k) be the second derivative of k**3/6 + 22*k. Determine f(-5).
-5
Let g(q) = q**3 + 2*q**2 - 2*q + 1. Let a = -28 - -25. Give g(a).
-2
Suppose 9 = 3*l - 6*l. Let m(w) be the first derivative of -w**3/3 + w**2/2 - 3*w - 5. What is m(l)?
-15
Let q(z) = -z. Let j be q(-2). Let m = j - 4. Let v(l) = l + 2. Calculate v(m).
0
Let w(i) be the first derivative of -i**2 - i + 1 + 2*i + 2*i**2. Let m = -3 + 0. Give w(m).
-5
Let o(g) = -g**2 - 2*g + 4. Let q(m) = -m**3 - m**2 + m - 1. Let n be q(0). Let a be ((-1)/n)/(1/1). Suppose 2*b + a = -7. What is o(b)?
-4
Let f(c) = -9 - c + 6*c - 4*c. Determine f(4).
-5
Let b(v) = -2*v**2 - v - 1. Let w(k) = -2*k**3 - 10*k**2 - 4*k - 5. Let u(z) = -6*b(z) + w(z). Let a = 0 - 1. Let j be (-2)/(2/((-1)/a)). What is u(j)?
3
Let o(d) = 1 + 1082*d**2 + 0 + 3*d + d**3 - 1087*d**2. Determine o(3).
-8
Let q(l) = -5*l**2 + 3*l + 3. Let d(m) = 14*m**2 - 9*m - 8. Let o(u) = 4*d(u) + 11*q(u). Suppose -3*w + 4*s = -5, 0*w - 2*s - 13 = -5*w. Calculate o(w).
1
Let q(y) = 7*y + 1. Suppose -8 = 13*h - 5*h. Calculate q(h).
-6
Let a be (2 - 2)/1 + 4. Suppose 22 = 2*k + 4*q + 6, -a = k - 2*q. Let y(c) = 0*c - 3 + c + 1. Give y(k).
0
Let g(l) = -l + 2. Let o(u) = -4*u + 9. Let m = -6 + 4. Let z(h) = m*o(h) + 9*g(h). Suppose 0 = 28*y - 25*y - 6. Determine z(y).
-2
Let k be ((-24)/60)/((-2)/(-10)). Let x(n) be the first derivative of 1/2*n**2 - n - 1/3*n**3 - 1/4*n**4 + 1. What is x(k)?
1
Let w(x) = x**2 + 3*x - 2. Let g = -145 + 140. Give w(g).
8
Let j(v) = v**3 + 6*v - 1. Let i(m) = 5*m - 1. Let h(f) = -6*i(f) + 5*j(f). Let c = 3 - 4. Determine h(c).
-4
Let g(i) = i**3 + 4*i**2 - 7*i - 5. Let s be 0*(0 + 2)/(-2). Suppose x - k + 5 = s, k = -0*k. Determine g(x).
5
Suppose -5*m = -d + 2, -d - 4*d = -3*m - 10. Let r(a) = -a - 13. Calculate r(m).
-13
Let p(r) = 2*r**2 + 4*r + 3. Let c(f) = f**2. Let y(j) = 4*c(j) - p(j). Let q = 7 + -9. Calculate y(q).
13
Let t(y) = y - 1. Suppose -4*q - 5*u = -7, 5*q + 2*u - 13 = -0*u. Let f = q - 3. Determine t(f).
-1
Let l(y) = -1 - 2 + 2*y + 1. Let q = 273 - 270. Determine l(q).
4
Let f(b) = b - 2. Let s be 4/((-8)/10)*-1. Suppose -s*i = -0*i - 20. Suppose 0 = 3*r - 3*g + 7 + 2, g = -i*r + 3. What is f(r)?
-2
Let l(q) = -1 - 6 - 12*q**2 - 13*q**2 - 3*q + 24*q**2. Give l(-6).
-25
Let d(o) be the first derivative of -o**4/4 + 7*o**3/3 - 2*o**2 - 6*o - 14. Determine d(6).
6
Let r(g) = -10 - 7 + g**3 - g**2 - 3*g**2 + 14. Give r(3).
-12
Let b(n) = 6*n. Let u(m) = 2*m**2 - 9*m + 6. Let v(z) = -z**2 + 8*z - 6. Let t(j) = -2*u(j) - 3*v(j). Let c be t(-7). Calculate b(c).
-6
Let m(d) = 7*d - 7. Let a(z) = 6*z - 6. Let x(w) = -6*a(w) + 5*m(w). Determine x(-7).
8
Let f(b) = b + 1. Suppose 5*n + z = 20, -4*z = -5*n + z + 50. Suppose 4*q - 26 = -2*u, -4*u + 2*u + 31 = n*q. Give f(q).
6
Let j(q) = -q. Suppose 3*d + 5*u = 6*d - 4, 2*d = 3*u + 3. Suppose d = -3*v + 4*v. Calculate j(v).
-3
Let d(a) = a**2 + 3*a - 2. Suppose -15*t = -12*t + 12. Give d(t).
2
Let t(c) = 10*c**2 + c. Let g(v) = v**2 + 5*v + 3. Let j be g(-4). Give t(j).
9
Let s(c) = -1 + 8 + 3*c - 6*c**2 - 768*c**3 + 769*c**3. Give s(5).
-3
Let n(v) = 36*v + 9. Let k(u) = 5*u + 4. Let y be k(-5). Let o(d) = -7*d - 2. Let q(m) = y*o(m) - 4*n(m). What is q(-5)?
-9
Let k(b) = 9*b + 4*b**3 + 5 - 2*b**2 + 10*b**2 - 5*b**3. Let l be k(9). Let r(h) = -l - h + 4*h - 4*h. Calculate r(-3).
-2
Let n(s) = -3*s - 1. Let q be -3*(1 - 12/9). Let w be n(q). Let p(i) = i + 0 + 5 + 2*i. What is p(w)?
-7
Let c(m) = -m**2 + 7*m - 9. Let h be ((-12)/(-10))/((-4)/(-20)). Calculate c(h).
-3
Suppose -16*r + 17*r = 6. Let d(b) = b**2 - 3*b - 8. Calculate d(r).
10
Let w(k) = -k**2 + 5*k + 2. Let a(s) = -s + 5. Let f be a(0). What is w(f)?
2
Suppose -4*i = 32 - 12. Let t(o) = -o - 7. Let g be t(i). Let d(m) = -3*m**2 - 1. What is d(g)?
-13
Let m(p) = -p**2 + p - 1. Let i(t) = -t**3 - 6*t**2 + 7*t - 3. Let f(y) = i(y) - 4*m(y). Give f(-3).
1
Let d(z) = 0 + 2*z + 0 - 6*z**2 + 2 + z**3. Let m(o) = o**2 - 8*o - 7. Let j be m(9). Give d(j).
-10
Suppose 2*x - 9 + 0 = -u, -4*x + 17 = 3*u. Let p(c) = 4 + 0*c**2 - 5 + c**3 + 6 - 6*c**2 + 3*c. Calculate p(x).
-5
Let m(h) be the second derivative of -h**5/120 - h**4/24 - h**3/6 - 6*h. Let c(v) be the second derivative of m(v). Determine c(-5).
4
Let o(n) be the third derivative of n**8/10080 + n**7/2520 + n**6/720 + n**5/12 + 4*n**2. Let m(h) be the third derivative of o(h). Determine m(-1).
1
Suppose a + 4*a = 20. Let f(o) be the first derivative of o - 2/3*o**3 + 2 - 1/4*o**a + 2*o**2. What is f(-3)?
-2
Let h(z) = -5*z**3 - z**2 + 7*z. Let l(t) = 4*t**3 - 7*t - 1. Let f(d) = 5*h(d) + 6*l(d). Determine f(-4).
6
Let m(p) = p - 5. Let r be m(5). Let z(k) = 3 - 1 - k + r. Determine z(-3).
5
Suppose -s = 4*s - 55. Let p(u) = s*u + 2*u + 3 - 7*u. Give p(-2).
-9
Let l = -9 + 19. Suppose 0*q - 5*q = -l. Let i(g) = 6*g + 3 - g**2 + 0*g**2 + q. Calculate i(5).
10
Let a(j) be the third derivative of j**6/360 - j**4/12 - j**3/6 - j**2. Let q(y) be the first derivative of a(y). Suppose 0 = 48*l - 46*l + 6. Calculate q(l).
7
Let p be (-1 + -11)*(-3)/(-6). Let c(q) be the second derivative of q**4/12 + 7*q**3/6 + 5*q**2/2 + 70*q. Give c(p).
-1
Suppose -93 - 27 = 5*h. Let t be 7/9 - h/108. Let s(m) = -2*m**3 + 1. Calculate s(t).
-1
Suppose 0*l = l - 10. Let j(p) = 0*p**2 + 0*p**2 + 4 - l*p**3 - 5 + p. Determine j(1).
-10
Let b(c) = 15*c**2 + 4 - 3 - c**3 + 1 - 19*c**2. Give b(-3).
-7
Suppose -3*d - 21 = -24. Let h(s) = 3*s**2 + 2*s - 1. Calculate h(d).
4
Suppose -5*c + 25 - 5 = 0. Let j(o) be the second derivative of 0 - o**2 + 3*o - 5/6*o**3 - 1/12*o**c. Give j(-5).
-2
Let y(s) = 26*s - 1. Let i(x) = 9*x. Let c(q) = -17*i(q) + 6*y(q). Let g(m) = -m. Let t(w) = -c(w) - 5*g(w). Suppose -12 - 4 = 4*d. Calculate t(d).
-2
Let q be 2/1 + -1 - -1. Suppose 4*x + 9 = -4*n + 3*x, -3*n = -q*x + 15. Let l(f) = -f**3 - 3*f**2 - 4*f - 3. Calculate l(n).
9
Let n(v) = 9*v - 3*v + 2 + 5*v**2 - 4 + 3 - v**3. What is n(6)?
1
Let d(x) = -x**3 - 11*x**2 + 14*x + 15. Let v be d(-12). Let a be v/(-7) - 6/21. Let r(q) = -4*q**3 - q**2 + q - 1. Determine r(a).
-5
Let n(s) = 2 - s**2 - 4*s - 8 + 0*s**2 - 5*s. Give n(-6).
12
Let u(r) be the second derivative of -r**4/12 + 7*r**3/3 - 3*r**2 - 17*r. Calculate u(13).
7
Let v be 25/(-125) + 62/10. Let l(b) = -b**3 + 7*b**2 - 10*b + 8. Determine l(v).
-16
Suppose 0 = -4*z - 5 - 3. Let q(a) = a**2. Give q(z).
4
Let n(z) = -z**3 - 7*z**2 - 5*z + 3. Suppose -10 = 5*t + 20. Give n(t).
-3
Suppose -16 = 91*w - 87*w. Let b(h) be the third derivative of h**5/60 + h**4/24 + 2*h**3/3 + 3*h**2. Wh